7 a composite number?
False
Is 308609 composite?
True
Is 213075619 a prime number?
True
Is 13069109 prime?
False
Is 152446769 a composite number?
True
Is 103193707 a composite number?
False
Is 9901985 a prime number?
False
Is 104756479 a composite number?
False
Is 38641049 a prime number?
True
Is 23183845 prime?
False
Is 329474981 composite?
True
Is 1577291017 a composite number?
False
Is 1079609 a prime number?
True
Is 11617979 prime?
False
Is 505215019 composite?
False
Is 68260957 prime?
True
Is 1010237 prime?
True
Is 6530087 a prime number?
True
Is 1350313 a prime number?
True
Is 757907 prime?
False
Is 12860983 a prime number?
False
Is 27610337 a prime number?
True
Is 210264679 prime?
True
Is 1808519 composite?
True
Is 39989991 a prime number?
False
Is 2579034353 a prime number?
False
Is 593461 composite?
True
Is 36522833 a composite number?
False
Is 93804167 composite?
False
Is 18645982 a composite number?
True
Is 757581337 a prime number?
False
Is 6183217 composite?
False
Is 621071593 composite?
False
Is 30216867 a composite number?
True
Is 17567369 prime?
True
Is 21011503 composite?
False
Is 4914655 a composite number?
True
Is 3851009 a composite number?
False
Is 457211851 prime?
True
Is 10160333 a prime number?
False
Is 33825839 a composite number?
False
Is 6270701 a composite number?
False
Is 3535369 a composite number?
False
Is 113405423 prime?
True
Is 204192467 a composite number?
False
Is 150473 prime?
True
Is 947290255 a prime number?
False
Is 6980759 prime?
False
Is 23092127 a prime number?
True
Is 18526231 composite?
False
Is 1291783 a prime number?
True
Is 7848601 a composite number?
False
Is 28226999 a composite number?
False
Is 66222381 prime?
False
Is 267353831 a prime number?
False
Is 35644891 a prime number?
True
Is 18989249 composite?
False
Is 204399331 a composite number?
False
Is 713370759 composite?
True
Is 134690315 prime?
False
Is 44992031 a composite number?
True
Is 35717327 prime?
True
Is 31029389 prime?
True
Is 22660817 prime?
False
Is 1697519 a prime number?
True
Is 18638054 prime?
False
Is 44478227 composite?
False
Is 1410498226 a prime number?
False
Is 360100891 prime?
True
Is 78511387 composite?
True
Is 14278189 prime?
False
Is 197820613 a composite number?
True
Is 7168589 a composite number?
False
Is 32680679 prime?
True
Is 13521399 a composite number?
True
Is 429328751 a prime number?
True
Is 316134503 prime?
True
Is 178513 prime?
True
Is 12626069 a prime number?
True
Is 34892047 a composite number?
False
Is 153252245 composite?
True
Is 32652467 a composite number?
False
Is 19807693 prime?
True
Is 1291561 composite?
True
Is 2915734 prime?
False
Is 234365353 composite?
False
Is 160843 prime?
False
Is 9039287 prime?
True
Is 3287833 composite?
False
Is 119134819 a prime number?
False
Is 63536411 a composite number?
False
Is 978811 composite?
True
Is 2816687 prime?
False
Is 1595701 composite?
False
Is 50785811 a prime number?
True
Is 308117 prime?
True
Is 4536241 a composite number?
True
Is 9601373 prime?
False
Is 1703809 a composite number?
False
Is 18377941 composite?
True
Is 11383349 composite?
False
Is 50863831 prime?
False
Is 11761889 a composite number?
False
Is 752211503 prime?
True
Is 128281 composite?
True
Is 42769367 composite?
True
Is 383803 a prime number?
False
Is 133665573 prime?
False
Is 38442049 prime?
False
Is 141879899 composite?
True
Is 21543859 a composite number?
False
Is 21873301 a prime number?
False
Is 235546771 prime?
True
Is 17154409 a prime number?
False
Is 1678204267 composite?
False
Is 17715227 prime?
True
Is 159665941 prime?
True
Is 101142439 prime?
True
Is 94385713 a composite number?
False
Is 2289901 a prime number?
True
Is 24280411 composite?
False
Is 577889 a composite number?
True
Is 123104801 composite?
False
Is 12285271 composite?
True
Is 3339823 a prime number?
False
Is 210742667 composite?
False
Is 9406253 a composite number?
True
Is 25075157 prime?
False
Is 2707541 composite?
False
Is 34747367 prime?
True
Is 2710261 a composite number?
True
Is 525061 a composite number?
True
Is 771469 prime?
False
Is 14546517 a prime number?
False
Is 697515699 prime?
False
Is 533870929 prime?
False
Is 2261899 composite?
True
Is 6201539 a composite number?
False
Is 412961 a prime number?
False
Is 32781311 composite?
True
Is 8371331 composite?
False
Is 29369621 a prime number?
True
Is 8390513 prime?
True
Is 12086246 a prime number?
False
Is 9787073 prime?
False
Is 415167 prime?
False
Is 103511281 a prime number?
True
Is 8642633 a prime number?
True
Is 32191979 composite?
True
Is 1055051 prime?
False
Is 15046453 a prime number?
True
Is 63855863 a composite number?
True
Is 2594315 prime?
False
Is 22639957 a composite number?
True
Is 80732063 a composite number?
False
Is 61167 prime?
False
Is 19781603 prime?
False
Is 3667261 a prime number?
False
Is 696289 a composite number?
True
Is 168402239 prime?
False
Is 8286029 composite?
False
Is 14152799 a composite number?
False
Is 308262259 a prime number?
False
Is 2477507 prime?
False
Is 52853789 a prime number?
False
Is 75505229 composite?
False
Is 45569833 prime?
True
Is 14174183 prime?
False
Is 322502443 a composite number?
True
Is 1165489 composite?
True
Is 46772953 composite?
False
Is 189569689 prime?
False
Is 5128601 a prime number?
False
Is 12685589 composite?
True
Is 318613 a prime number?
False
Is 54889759 composite?
True
Is 168423001 prime?
False
Is 1155127 prime?
True
Is 9537637 a prime number?
True
Is 23090237 a composite number?
True
Is 437179 prime?
False
Is 2972863 a prime number?
True
Is 33530381 a composite number?
True
Is 121861265 prime?
False
Is 212263969 composite?
False
Is 2766109 a composite number?
False
Is 1762811 a prime number?
False
Is 163674769 prime?
False
Is 4102159 composite?
True
Is 5418493 a composite number?
False
Is 26217239 prime?
True
Is 2473799 composite?
True
Is 38356427 prime?
True
Is 60951439 composite?
True
Is 183517223 prime?
True
Is 566053 a composite number?
True
Is 189323663 a prime number?
True
Is 723911941 a composite number?
False
Is 55628099 composite?
True
Is 52113673 a composite number?
False
Is 3133153 composite?
False
Is 17551 a composite number?
False
Is 1125875101 a prime number?
False
Is 1274627555 prime?
False
Is 23850107 composite?
True
Is 12962231 a composite number?
False
Is 3478621 a composite number?
False
Is 237997717 a composite number?
False
Is 6021359 composite?
False
Is 9503009 prime?
True
Is 15664201 prime?
False
Is 44760127 composite?
True
Is 4170473 prime?
True
Is 7434993 prime?
False
Is 71526617 a composite number?
False
Is 39324209 composite?
False
Is 48738273 prime?
False
Is 7068101 a composite number?
False
Is 878221 composite?
False
Is 22897177 prime?
False
Is 2684257 prime?
True
Is 2447209 composite?
False
Is 230892677 a prime number?
True
Is 26717597 composite?
False
Is 893803 composite?
True
Is 465983 composite?
True
Is 5754613 a prime number?
True
Is 22264433 a prime number?
True
Is 133092383 a prime number?
False
Is 4014103 a prime number?
False
Is 4014449 prime?
True
Is 50408711 prime?
True
Is 211951535 composite?
True
Is 30070463 a composite number?
True
Is 18899761 prime?
True
Is 341028643 a prime number?
True
Is 1031749 a composite number?
True
Is 58054049 a composite number?
False
Is 92270809 a prime number?
False
Is 388352645 prime?
False
Is 3224657 prime?
False
Is 17252033 a prime number?
True
Is 10210159 composite?
False
Is 4824997 prime?
True
Is 3626537 prime?
False
Is 168068831 a prime number?
False
Is 6115517 a composite number?
True
Is 429615469 composite?
False
Is 8335573 a prime number?
False
Is 3085413 a composite number?
True
Is 2619511 composite?
True
Is 395843171 composite?
True
Is 2470943 a composite number?
True
Is 98400139 composite?
False
Is 42863 a prime number?
True
Is 61976141 prime?
True
Is 271678919 composite?
False
Is 42102847 a composite number?
True
Is 145007 prime?
True
Is 20429054 prime?
False
Is 730199945 composite?
True
Is 6190595 prime?
False
Is 1518677 a composite number?
False
Is 49305601 a prime number?
True
Is 1793231 prime?
False
Is 7089839 composite?
True
Is 43379959 a composite number?
True
Is 9692237 a composite number?
True
Is 6034841 a prime number?
False
Is 3705739 a composite number?
False
Is 5232401 prime?
True
Is 8147